{"id":91,"date":"2026-02-21T17:04:55","date_gmt":"2026-02-21T16:04:55","guid":{"rendered":"https:\/\/sv1864.wmartin.eu\/?page_id=91"},"modified":"2026-02-21T17:27:17","modified_gmt":"2026-02-21T16:27:17","slug":"datenschutzerklaerung","status":"publish","type":"page","link":"https:\/\/sv-nieder-erlenbach.de\/?page_id=91","title":{"rendered":"Datenschutzerkl\u00e4rung"},"content":{"rendered":"\n<p><strong>Datenschutzinformation Sch\u00fctzenverein 1864 Nieder-Erlenbach<\/strong><\/p>\n\n\n\n<ol class=\"wp-block-list\">\n<li>Wer verarbeitet die Daten?<\/li>\n<\/ol>\n\n\n\n<p>Der Sch\u00fctzenverein 1864 Nieder Erlenbach e.V., Am Steinberg 12, 60437 Frankfurt am Main, verarbeitet personenbezogene Daten seiner Mitglieder. F\u00fcr den Verein handeln der 1. Vorsitzende, Steffen T\u00f6rpel und der 2. Vorsitzende, Folker Gollan. (E-Mail: vorstand@sv-nieder-erlenbach.de).<\/p>\n\n\n\n<ol start=\"2\" class=\"wp-block-list\">\n<li>Welche personenbezogenen Daten werden verarbeitet?<\/li>\n<\/ol>\n\n\n\n<p>Anrede, Titel, Mitgliedsnummer, Vorname, Nachname, Firma, Stra\u00dfe, Hausnummer, Postleitzahl, Ort, Land, Telefonnummern, Telefax, E-Mail, Geschlecht, Familienstand, Geburtsdatum &amp; aktuelles Alter, Abrechnungsdaten (Zahlungsart (Lastschrift etc.), Zahlungsweise (j\u00e4hrlich etc.), Bankangaben IBAN, BIC, Bankbezeichnung, abweichender Kontoinhaber), Mitgliedschaft (Eintrittsdatum, Vereinszugeh\u00f6rigkeit (Jahre), Austrittsdatum etc.), Standbuchungsdaten, Video\u00fcberwachung Schie\u00dfst\u00e4nde und Tresen, Scheibenauswertung 50m-Stand, Fotografien bei Wettk\u00e4mpfen und Veranstaltungen, Wettkampfp\u00e4sse.<\/p>\n\n\n\n<ol start=\"3\" class=\"wp-block-list\">\n<li>Zu welchem Zweck werden die personenbezogenen Daten verarbeitet?<\/li>\n<\/ol>\n\n\n\n<p>Wir verarbeiten die personenbezogenen Daten zur Verwaltung unserer Mitglieder, zur Abrechnung der Mitgliedsbeitr\u00e4ge und im Rahmen unserer Mitgliedschaft im hessischen Sch\u00fctzenbund. Die Standbuchung dient der Verwaltung der Schie\u00dfst\u00e4nde. Die Video\u00fcberwachung dient dem Schutz des ordnungsgem\u00e4\u00dfen Schie\u00dfbetriebs sowie dazu, Verst\u00f6\u00dfe gegen die Schie\u00dfstandordnung und Sachbesch\u00e4digung, auch der elektronischen Schlie\u00dfanlage nebst Zubeh\u00f6r, festzustellen. Solange die Standaufsicht nicht an der Theke ist, dient die dortige Video\u00fcberwachung dem Schutz von Schie\u00dfkladde, Kassenliste und Kasse. Au\u00dferhalb der Trainingszeiten dient die Video\u00fcberwachung dem Schutz des Hauses vor Einbruch, Sachbesch\u00e4digung und Diebstahl. Die elektronische Schlie\u00dfanlage am 50m-Stand dient der Scheibenauswertung. Fotografien bei Wettk\u00e4mpfen und Veranstaltungen dienen der Information der Mitglieder, der \u00d6ffentlichkeitsarbeit sowie der Werbung f\u00fcr den Sch\u00fctzenverein.<\/p>\n\n\n\n<p>Zur Dokumentation des Schie\u00dfbetriebs sowie zum Nachweis der sportlichen Aktivit\u00e4ten und geleisteter Arbeitsstunden f\u00fchren wir eine elektronische Schie\u00dfkladde. Auf einem lokalen Rechner im Verein werden hierzu Name, Mitgliedsnummer, ein individueller Hash Wert, die geschossenen Disziplinen, Ergebnisse, geleistete Arbeitsstunden sowie die Zahlung der Standpauschale registriert. Dies dient der ordnungsgem\u00e4\u00dfen Vereinsverwaltung. Die elektronische Schie\u00dfkladde erm\u00f6glicht uns insbesondere, den Mitgliedern nach \u00a7 14 Abs. 3 &amp; 4 WaffG, Bescheinigungen zum Nachweis f\u00fcr das Bed\u00fcrfnis zum Erwerb von Schusswaffen und der daf\u00fcr bestimmten Munition auszustellen und bei beh\u00f6rdlichen \u00dcberpr\u00fcfungen einen ordentlichen Schie\u00dfbetrieb zu belegen. Zur Gew\u00e4hrleistung einer revisionssicheren Speicherung f\u00fcr beh\u00f6rdliche Zwecke werden die Eintr\u00e4ge der Schie\u00dfkladde in einem Speicherbereich bei Google gesichert. Diese Speicherung erfolgt ohne Nennung des Namens. Zu individuellen Zuordnung der Eintr\u00e4ge dient die Mitgliedsnummer. Die Mitgliedsnummer wird lediglich in der Vereinssoftware dem Mitglied zugeordnet, bei Google ist keine Liste mit dieser Information vorhanden, somit erfolgt die Speicherung bei Google in anonymisierter Form. Die Daten werden in einem Rechenzentrum von Google innerhalb Deutschlands verarbeitet. Die Standaufsicht und die anwesenden Sch\u00fctzen k\u00f6nnen jeweils f\u00fcr diesen Tag Daten der angemeldeten Sch\u00fctzen einsehen (Name, Disziplin, Bahn, Ergebnis), um die ordnungsgem\u00e4\u00dfe Anmeldung aller Sch\u00fctzen vor Beginn des jeweiligen Trainings zu pr\u00fcfen, wie dies bei der fr\u00fcheren Schie\u00dfkladde auf Papier auch m\u00f6glich war.<\/p>\n\n\n\n<p>F\u00fcr die Anmeldung zu Veranstaltungen, zu Meisterschaften und zu Mannschaften wird mit Google Formularen (gform) und Google Tabellen (gsheet) gearbeitet. Diese setzen f\u00fcr das Funktionieren ein Gdrive voraus, welches wir als Teil unseres Google Accounts haben.<\/p>\n\n\n\n<ol start=\"4\" class=\"wp-block-list\">\n<li>Auf welcher Rechtsgrundlage werden die personenbezogenen Daten verarbeitet?<\/li>\n<\/ol>\n\n\n\n<p>Die Mitgliedsdaten einschlie\u00dflich Abrechnungsdaten, Standbuchungssystem &amp; Scheibenauswertung werden aufgrund Mitgliedschaft im Verein gem\u00e4\u00df Art. 6 Abs. 1 lit. b DSGVO verarbeitet. Diese Daten werden auch zur Erf\u00fcllung gesetzlicher Verpflichtungen zur Buchf\u00fchrung und f\u00fcr Steuererkl\u00e4rung gem\u00e4\u00df Art. 6 Abs. 1 lit. c DSGVO verarbeitet. Die Daten k\u00f6nnen auch zur Abwehr oder Geltendmachung von Anspr\u00fcchen im berechtigten Interesse des Sch\u00fctzenvereins gem\u00e4\u00df Art. 6 Abs. 1 lit. f DSGVO verarbeitet werden. Die Video\u00fcberwachung erfolgt im berechtigten Interesse des Sch\u00fctzenvereins am Schutz des Eigentums und des ordnungsgem\u00e4\u00dfen Schie\u00dfbetriebs und gegebenenfalls Durchsetzung von Rechtsanspr\u00fcchen gem\u00e4\u00df Art. 6 Abs. 1 lit. f DSGVO. Fotografien werden zum berechtigten Interesse des Sch\u00fctzenvereins an einer Berichterstattung, an der Au\u00dfendarstellung und Werbung nach Art. 6 Abs. 1 lit. f DSGVO erstellt und verbreitet. Die elektronische Schie\u00dfkladde f\u00fchren wir nach Art. 6 Abs. 1 lit. c DSGVO zu Erf\u00fcllung unserer Pflichten zum Nachweis eines ordentlichen Schie\u00dfbetriebs gegen\u00fcber den zust\u00e4ndigen Beh\u00f6rden. Diese Daten verarbeiten wir zudem nach Art. 6 Abs. 1 lit. b DSGVO, um unseren Mitgliedern die nach \u00a7 14 Abs. 3 &amp; Abs. 4 WaffG erforderlichen Bescheinigungen auf Anforderung ausstellen zu k\u00f6nnen. Die Nachweise der Zahlung der Standpauschale, geleisteten Arbeitsstunden, sowie die Anmeldung zu Veranstaltungen, zu Meisterschaften und zu Mannschaften erfolgt nach Art. 6 Abs. 1 lit. b DSGVO im Rahmen der Mitgliedschaft.<\/p>\n\n\n\n<ol start=\"5\" class=\"wp-block-list\">\n<li>Empf\u00e4nger<\/li>\n<\/ol>\n\n\n\n<p><a><\/a>Im Rahmen der Mitgliedschaft im hessischen Sch\u00fctzenbund e. V. werden personenbezogene Daten \u00fcber die Mitgliedschaft weitergegeben, die dann auch der Deutsche Sch\u00fctzenbund e.V. (DSB) und der Landessportbund Hessen e.V. erhalten, in denen der hessische Sch\u00fctzenbund e. V. Mitglied ist. Dar\u00fcber hinaus geben wir auf Anforderung von Beh\u00f6rden im Rahmen von deren gesetzlichen Aufgaben und unserer gesetzlichen Verpflichtungen personenbezogene Daten an die zust\u00e4ndigen Beh\u00f6rden weiter. Fotografien von Wettk\u00e4mpfen und Veranstaltungen werden gegebenenfalls in verschiedenen Medien ver\u00f6ffentlicht und an Pressevertreter gegeben. Mitgliedsdaten werden an Finanzamt und andere Beh\u00f6rden gegeben. Videoaufzeichnungen werden bei Verst\u00f6\u00dfen den zust\u00e4ndigen Beh\u00f6rden zur Verf\u00fcgung gestellt und gegebenenfalls zur Durchsetzung von Anspr\u00fcchen an Rechtsanw\u00e4lte und Gerichte gesendet. Daten der elektronischen Schie\u00dfkladde werden wie oben beschrieben in einem Rechenzentrum von Google in Deutschland verarbeitet.<\/p>\n\n\n\n<ol start=\"6\" class=\"wp-block-list\">\n<li>Speicherung<\/li>\n<\/ol>\n\n\n\n<p>Die Daten aus der Mitgliederverwaltung werden ab dem Ende des Jahres, in dem die Mitgliedschaft beendet wird, f\u00fcr zehn Jahre gespeichert. Sollte zu diesem Zeitpunkt eine Steuerpr\u00fcfung oder ein anderes strafrechtliches Verfahren anh\u00e4ngig sein, verl\u00e4ngert sich die Aufbewahrung bis zum rechtskr\u00e4ftigen Abschluss. Daten aus der Video\u00fcberwachung werden nach vier Wochen gel\u00f6scht. Daten aus dem Standbuchungssystem werden nach Ende der Mitgliedschaft gel\u00f6scht. Daten aus dem elektronischen Schie\u00dfstand werden monatlich gel\u00f6scht. Daten im ZMI werden vom hessischen Sch\u00fctzenbund e. V. verwaltet und nach den dort mit dem Datenschutzbeauftragten vereinbarten Fristen gel\u00f6scht. Die Nachweise der Zahlung der Standpauschale und der geleisteten Arbeitsstunden werden jeweils zu Beginn des folgenden Jahres gel\u00f6scht. Die Daten aus der Anmeldung zu Veranstaltungen, zu Meisterschaften und zu Mannschaften werden jeweils nach der Veranstaltung oder den entsprechenden Wettk\u00e4mpfen gel\u00f6scht. Die Daten der elektronischen Schie\u00dfkladde werden lokal 10 Jahre gespeichert. Die anonymisierten Eintr\u00e4ge der Schie\u00dfkladde in einem Speicherbereich bei Google erfolgt revisionssicher f\u00fcr 10 Jahre.<\/p>\n\n\n\n<ol start=\"7\" class=\"wp-block-list\">\n<li>\u00dcbermittlung<\/li>\n<\/ol>\n\n\n\n<p>Es ist nicht beabsichtigt, personenbezogene Daten in ein Drittland oder an eine internationale Organisation zu \u00fcbermitteln.<\/p>\n\n\n\n<ol start=\"8\" class=\"wp-block-list\">\n<li>Ihr Beschwerderecht<\/li>\n<\/ol>\n\n\n\n<p>Sie k\u00f6nnen sich bei einer Aufsichtsbeh\u00f6rde \u00fcber uns beschweren, zust\u00e4ndig ist in der Regel die Aufsichtsbeh\u00f6rde an Ihrem \u00fcblichen Aufenthaltsort, Ihres Arbeitsplatzes oder unseres Standorts, Art. 77 DSGVO.<\/p>\n\n\n\n<ol start=\"9\" class=\"wp-block-list\">\n<li>Welche Rechte stehen Ihnen im Hinblick auf die Verarbeitung der Daten zu?<\/li>\n\n\n\n<li>Auskunft<\/li>\n<\/ol>\n\n\n\n<p>Hinsichtlich der beim Sch\u00fctzenverein gespeicherten personenbezogenen Daten haben Sie das Recht Auskunft dar\u00fcber zu verlangen:<\/p>\n\n\n\n<p>&#8211; welche Kategorien personenbezogener Daten gespeichert werden (z.B. Adressdaten, Zahlungsdaten),<\/p>\n\n\n\n<p>&#8211; zu welchen Zwecken die Daten verarbeitet werden,<\/p>\n\n\n\n<p>&#8211; gegen\u00fcber welchen Empf\u00e4ngern oder Kategorien von Empf\u00e4ngern die Daten offengelegt werden (z.B. Versanddienstleister, Zahlungsdienstleister) und insbesondere ob wir die Daten in ein Drittland au\u00dferhalb der Europ\u00e4ischen Union oder an eine internationale Organisation \u00fcbermitteln,<\/p>\n\n\n\n<p>&#8211; wie lange sie gespeichert werden oder nach welchen Kriterien sich die Dauer der Speicherung richtet,<\/p>\n\n\n\n<p>&#8211; ob eine automatisierte Entscheidungsfindung einschlie\u00dflich Profiling angewendet wird und ggfs. wie dieses ausgestaltet ist und welche Auswirkungen es hat,<\/p>\n\n\n\n<p>&#8211; wenn die Daten nicht bei den Mitgliedern selbst erhoben wurden, alle vorhandenen Informationen dar\u00fcber, wo die Daten herstammen.<\/p>\n\n\n\n<ol start=\"2\" style=\"list-style-type:lower-alpha\" class=\"wp-block-list\">\n<li>Daten\u00fcbertragung, Berichtigung, L\u00f6schung, Einschr\u00e4nkung<\/li>\n<\/ol>\n\n\n\n<p>Au\u00dferdem sind Sie berechtigt, ihre beim Verein gespeicherten personenbezogenen Daten<\/p>\n\n\n\n<p>&#8211; die der Verein aufgrund der Einwilligung des Mitglieds oder aufgrund eines Vertrages mit dem Mitglied verarbeitet und deren Verarbeitung mithilfe automatisierter Verfahren erfolgt, in einem strukturierten, g\u00e4ngigen und maschinenlesbaren Format an sich oder einen Dritten \u2013 soweit dies technisch machbar ist &#8211; herauszuverlangen.<\/p>\n\n\n\n<p>&#8211; bei Unrichtigkeit unverz\u00fcglich berichtigen zu lassen und bei Unvollst\u00e4ndigkeit unverz\u00fcglich vervollst\u00e4ndigen zu lassen<\/p>\n\n\n\n<p>&#8211; l\u00f6schen zu lassen, es sei denn die Daten des Mitglieds sind erforderlich, um<\/p>\n\n\n\n<p>\u2022 das Recht auf freie Meinungs\u00e4u\u00dferung auszu\u00fcben,<\/p>\n\n\n\n<p>\u2022 oder um eine rechtliche Verpflichtung zu erf\u00fcllen<\/p>\n\n\n\n<p>\u2022 oder eine Aufgabe wahrzunehmen, die im \u00f6ffentlichen Interesse liegt<\/p>\n\n\n\n<p>\u2022 oder um Rechtsanspr\u00fcche auszu\u00fcben, geltend zu machen oder zu verteidigen.<\/p>\n\n\n\n<p>&#8211; oder die Verarbeitung der Daten einschr\u00e4nken zu lassen,<\/p>\n\n\n\n<p>\u2022 solange wir pr\u00fcfen, ob der Einwand des Mitglieds, dass die Daten unrichtig sind, zutrifft<\/p>\n\n\n\n<p>\u2022 oder wenn die Datenverarbeitung nicht rechtm\u00e4\u00dfig ist und das Mitglied aber eine L\u00f6schung der Daten ablehnt<\/p>\n\n\n\n<p>\u2022 oder wenn der Verein die Daten nicht mehr l\u00e4nger ben\u00f6tigt, das Mitglied diese aber ben\u00f6tigt, um Rechtsanspr\u00fcche zu verfolgen<\/p>\n\n\n\n<p>\u2022 oder wenn das Mitglied Widerspruch gegen die Datenverarbeitung eingelegt habt aber noch nicht feststeht ob die berechtigten Gr\u00fcnde des Vereins diejenigen des Mitglieds \u00fcberwiegen<\/p>\n\n\n\n<ol start=\"3\" style=\"list-style-type:lower-alpha\" class=\"wp-block-list\">\n<li>Weitere Rechte<\/li>\n<\/ol>\n\n\n\n<p>Weiter hat das Mitglied das Recht,<\/p>\n\n\n\n<p>&#8211; eine erteilte Einwilligung in die Datenverarbeitung jederzeit mit Wirkung f\u00fcr die Zukunft zu widerrufen. Die bis zum Widerruf erfolgte Verarbeitung der Daten bleibt rechtm\u00e4\u00dfig. Das Mitglied kann sein Widerrufsrecht per E-Mail aus\u00fcben: vorstand@sv-nieder-erlenbach.de;<\/p>\n\n\n\n<p>&#8211; der Verwendung der Daten zu widersprechen, sofern die Mitglieds-Daten aufgrund von berechtigten Interessen verarbeitet werden. Das Widerspruchsrecht muss sich aus den Gr\u00fcnden der besonderen Situation ergeben, es sei denn, der Widerspruch richtet sich gegen Direktwerbung oder Profiling, das mit Direktwerbung in direkter Verbindung steht. In diesem Fall ist die Angabe von Gr\u00fcnden nicht erforderlich;<\/p>\n\n\n\n<p>&#8211; eine Information dar\u00fcber zu erhalten, ob das Mitglied als Betroffener aufgrund von gesetzlichen oder vertraglichen Grundlagen verpflichtet ist, personenbezogene Daten zur Verf\u00fcgung zu stellen und welche Folgen es hat, wenn es die Daten nicht bereitstellt.<\/p>\n","protected":false},"excerpt":{"rendered":"<p>Datenschutzinformation Sch\u00fctzenverein 1864 Nieder-Erlenbach Der Sch\u00fctzenverein 1864 Nieder Erlenbach e.V., Am Steinberg 12, 60437 Frankfurt am Main, verarbeitet personenbezogene Daten [&hellip;]<\/p>\n","protected":false},"author":4,"featured_media":0,"parent":0,"menu_order":0,"comment_status":"closed","ping_status":"closed","template":"","meta":{"_uag_custom_page_level_css":"","site-sidebar-layout":"default","site-content-layout":"","ast-site-content-layout":"default","site-content-style":"default","site-sidebar-style":"default","ast-global-header-display":"","ast-banner-title-visibility":"","ast-main-header-display":"","ast-hfb-above-header-display":"","ast-hfb-below-header-display":"","ast-hfb-mobile-header-display":"","site-post-title":"","ast-breadcrumbs-content":"","ast-featured-img":"","footer-sml-layout":"","ast-disable-related-posts":"","theme-transparent-header-meta":"","adv-header-id-meta":"","stick-header-meta":"","header-above-stick-meta":"","header-main-stick-meta":"","header-below-stick-meta":"","astra-migrate-meta-layouts":"default","ast-page-background-enabled":"default","ast-page-background-meta":{"desktop":{"background-color":"var(--ast-global-color-5)","background-image":"","background-repeat":"repeat","background-position":"center center","background-size":"auto","background-attachment":"scroll","background-type":"","background-media":"","overlay-type":"","overlay-color":"","overlay-opacity":"","overlay-gradient":""},"tablet":{"background-color":"","background-image":"","background-repeat":"repeat","background-position":"center center","background-size":"auto","background-attachment":"scroll","background-type":"","background-media":"","overlay-type":"","overlay-color":"","overlay-opacity":"","overlay-gradient":""},"mobile":{"background-color":"","background-image":"","background-repeat":"repeat","background-position":"center center","background-size":"auto","background-attachment":"scroll","background-type":"","background-media":"","overlay-type":"","overlay-color":"","overlay-opacity":"","overlay-gradient":""}},"ast-content-background-meta":{"desktop":{"background-color":"var(--ast-global-color-4)","background-image":"","background-repeat":"repeat","background-position":"center center","background-size":"auto","background-attachment":"scroll","background-type":"","background-media":"","overlay-type":"","overlay-color":"","overlay-opacity":"","overlay-gradient":""},"tablet":{"background-color":"var(--ast-global-color-4)","background-image":"","background-repeat":"repeat","background-position":"center center","background-size":"auto","background-attachment":"scroll","background-type":"","background-media":"","overlay-type":"","overlay-color":"","overlay-opacity":"","overlay-gradient":""},"mobile":{"background-color":"var(--ast-global-color-4)","background-image":"","background-repeat":"repeat","background-position":"center center","background-size":"auto","background-attachment":"scroll","background-type":"","background-media":"","overlay-type":"","overlay-color":"","overlay-opacity":"","overlay-gradient":""}},"footnotes":""},"class_list":["post-91","page","type-page","status-publish","hentry"],"uagb_featured_image_src":{"full":false,"thumbnail":false,"medium":false,"medium_large":false,"large":false,"1536x1536":false,"2048x2048":false},"uagb_author_info":{"display_name":"Wolfgang Martin","author_link":"https:\/\/sv-nieder-erlenbach.de\/?author=4"},"uagb_comment_info":0,"uagb_excerpt":"Datenschutzinformation Sch\u00fctzenverein 1864 Nieder-Erlenbach Der Sch\u00fctzenverein 1864 Nieder Erlenbach e.V., Am Steinberg 12, 60437 Frankfurt am Main, verarbeitet personenbezogene Daten [&hellip;]","_links":{"self":[{"href":"https:\/\/sv-nieder-erlenbach.de\/index.php?rest_route=\/wp\/v2\/pages\/91","targetHints":{"allow":["GET"]}}],"collection":[{"href":"https:\/\/sv-nieder-erlenbach.de\/index.php?rest_route=\/wp\/v2\/pages"}],"about":[{"href":"https:\/\/sv-nieder-erlenbach.de\/index.php?rest_route=\/wp\/v2\/types\/page"}],"author":[{"embeddable":true,"href":"https:\/\/sv-nieder-erlenbach.de\/index.php?rest_route=\/wp\/v2\/users\/4"}],"replies":[{"embeddable":true,"href":"https:\/\/sv-nieder-erlenbach.de\/index.php?rest_route=%2Fwp%2Fv2%2Fcomments&post=91"}],"version-history":[{"count":3,"href":"https:\/\/sv-nieder-erlenbach.de\/index.php?rest_route=\/wp\/v2\/pages\/91\/revisions"}],"predecessor-version":[{"id":104,"href":"https:\/\/sv-nieder-erlenbach.de\/index.php?rest_route=\/wp\/v2\/pages\/91\/revisions\/104"}],"wp:attachment":[{"href":"https:\/\/sv-nieder-erlenbach.de\/index.php?rest_route=%2Fwp%2Fv2%2Fmedia&parent=91"}],"curies":[{"name":"wp","href":"https:\/\/api.w.org\/{rel}","templated":true}]}}