{"id":47,"date":"2026-02-20T14:21:21","date_gmt":"2026-02-20T13:21:21","guid":{"rendered":"http:\/\/localhost:8080\/?page_id=47"},"modified":"2026-03-07T19:43:13","modified_gmt":"2026-03-07T18:43:13","slug":"mitgliedschaft","status":"publish","type":"page","link":"https:\/\/sv-nieder-erlenbach.de\/?page_id=47","title":{"rendered":"Mitgliedschaft"},"content":{"rendered":"\n<h2 class=\"wp-block-heading\">Mitglied werden<\/h2>\n\n\n\n<p>Sind Sie bereits Sportsch\u00fctze? Auch wenn Sie den Schie\u00dfsport erlernen m\u00f6chten, sind Sie bei uns herzlich willkommen.<\/p>\n\n\n\n<p>Sie sind herzlich eingeladen, am kostenlosen und unverbindlichen Probetraining teilzunehmen. Wir w\u00fcnschen uns, da\u00df Sie unserem Verein beitreten.<\/p>\n\n\n\n<p>Das Beitrittsformular finden Sie unter dem Men\u00fceintrag\u00a0<a href=\"https:\/\/sv-nieder-erlenbach.de\/?page_id=100\">Dokumente<\/a>.<\/p>\n\n\n\n<h2 class=\"wp-block-heading\">Jahresbeitr\u00e4ge<\/h2>\n\n\n\n<figure class=\"wp-block-table\"><table class=\"has-fixed-layout\"><tbody><tr><td class=\"has-text-align-left\" data-align=\"left\">A-Mitglied<\/td><td class=\"has-text-align-left\" data-align=\"left\">Aktives\/passives Mitglied ab 21 Jahren<\/td><td class=\"has-text-align-left\" data-align=\"left\">60,00\u20ac<\/td><\/tr><tr><td class=\"has-text-align-left\" data-align=\"left\">B-Mitglied<\/td><td class=\"has-text-align-left\" data-align=\"left\">Aktiver\/passiver Ehepartner\/-in eines A-Mitgliedes<\/td><td class=\"has-text-align-left\" data-align=\"left\">39,00\u20ac<\/td><\/tr><tr><td class=\"has-text-align-left\" data-align=\"left\">Jugendliche<\/td><td class=\"has-text-align-left\" data-align=\"left\">Aktives\/passives Mitglied unter 21 Jahren sowie Sch\u00fcler und Studenten<\/td><td class=\"has-text-align-left\" data-align=\"left\">26,00\u20ac<\/td><\/tr><tr><td class=\"has-text-align-left\" data-align=\"left\">Familien<\/td><td class=\"has-text-align-left\" data-align=\"left\"><\/td><td class=\"has-text-align-left\" data-align=\"left\">104,00\u20ac<\/td><\/tr><\/tbody><\/table><\/figure>\n\n\n\n<h2 class=\"wp-block-heading\">Aufnahmegeb\u00fchr<\/h2>\n\n\n\n<figure class=\"wp-block-table\"><table class=\"has-fixed-layout\"><tbody><tr><td class=\"has-text-align-left\" data-align=\"left\">Erwachsene<\/td><td class=\"has-text-align-left\" data-align=\"left\">80,00\u20ac<\/td><\/tr><tr><td class=\"has-text-align-left\" data-align=\"left\">deren Ehepartner<\/td><td class=\"has-text-align-left\" data-align=\"left\">40,00\u20ac<\/td><\/tr><tr><td class=\"has-text-align-left\" data-align=\"left\">Jugendliche, Sch\u00fcler und Studenten<\/td><td class=\"has-text-align-left\" data-align=\"left\">20,00\u20ac<\/td><\/tr><\/tbody><\/table><\/figure>\n\n\n\n<h2 class=\"wp-block-heading\">Standgeb\u00fchr<\/h2>\n\n\n\n<figure class=\"wp-block-table\"><table class=\"has-fixed-layout\"><tbody><tr><td class=\"has-text-align-left\" data-align=\"left\">Jahrespauschale f\u00fcr Vereinsmitglieder<\/td><td class=\"has-text-align-left\" data-align=\"left\">25m und 50m<\/td><td class=\"has-text-align-left\" data-align=\"left\">60,00\u20ac<\/td><\/tr><tr><td class=\"has-text-align-left\" data-align=\"left\">Pro Schie\u00dftag f\u00fcr Vereinsmitglieder<\/td><td class=\"has-text-align-left\" data-align=\"left\">25m und 50m<\/td><td class=\"has-text-align-left\" data-align=\"left\">6,00\u20ac<\/td><\/tr><tr><td class=\"has-text-align-left\" data-align=\"left\">Pro Schie\u00dftag f\u00fcr Gastsch\u00fctzen<\/td><td class=\"has-text-align-left\" data-align=\"left\">25m<\/td><td class=\"has-text-align-left\" data-align=\"left\">8,00\u20ac<\/td><\/tr><tr><td class=\"has-text-align-left\" data-align=\"left\">Pro Schie\u00dftag f\u00fcr Gastsch\u00fctzen<\/td><td class=\"has-text-align-left\" data-align=\"left\">50m<\/td><td class=\"has-text-align-left\" data-align=\"left\">10,00\u20ac<\/td><\/tr><\/tbody><\/table><\/figure>\n\n\n\n<p>Ein Probetag f\u00fcr Interessenten ist frei.<\/p>\n\n\n\n<p>Zu den Arbeitsstunden geh\u00f6ren der Auf- und Abbau des Zeltes anl\u00e4\u00dflich des Vatertages, Rasenm\u00e4hen und Arbeitseins\u00e4tze zur Instandhaltung, die vom Vorstand beschlossen werden.<\/p>\n\n\n\n<p>Gem\u00e4\u00df den gesetzlichen Bestimmungen des Waffenrechts kann bei einer regelm\u00e4\u00dfigen Teilnahme am \u00dcbungsbetrieb Antr\u00e4gen auf Erwerb von Faustfeuer- und Langwaffen fr\u00fchestens nach einem Jahr durch den Vorstand stattgegeben werden.<\/p>\n","protected":false},"excerpt":{"rendered":"<p>Mitglied werden Sind Sie bereits Sportsch\u00fctze? Auch wenn Sie den Schie\u00dfsport erlernen m\u00f6chten, sind Sie bei uns herzlich willkommen. Sie [&hellip;]<\/p>\n","protected":false},"author":4,"featured_media":0,"parent":0,"menu_order":0,"comment_status":"closed","ping_status":"closed","template":"","meta":{"_uag_custom_page_level_css":"","site-sidebar-layout":"default","site-content-layout":"","ast-site-content-layout":"default","site-content-style":"default","site-sidebar-style":"default","ast-global-header-display":"","ast-banner-title-visibility":"","ast-main-header-display":"","ast-hfb-above-header-display":"","ast-hfb-below-header-display":"","ast-hfb-mobile-header-display":"","site-post-title":"","ast-breadcrumbs-content":"","ast-featured-img":"","footer-sml-layout":"","ast-disable-related-posts":"","theme-transparent-header-meta":"","adv-header-id-meta":"","stick-header-meta":"","header-above-stick-meta":"","header-main-stick-meta":"","header-below-stick-meta":"","astra-migrate-meta-layouts":"default","ast-page-background-enabled":"default","ast-page-background-meta":{"desktop":{"background-color":"var(--ast-global-color-5)","background-image":"","background-repeat":"repeat","background-position":"center center","background-size":"auto","background-attachment":"scroll","background-type":"","background-media":"","overlay-type":"","overlay-color":"","overlay-opacity":"","overlay-gradient":""},"tablet":{"background-color":"","background-image":"","background-repeat":"repeat","background-position":"center center","background-size":"auto","background-attachment":"scroll","background-type":"","background-media":"","overlay-type":"","overlay-color":"","overlay-opacity":"","overlay-gradient":""},"mobile":{"background-color":"","background-image":"","background-repeat":"repeat","background-position":"center center","background-size":"auto","background-attachment":"scroll","background-type":"","background-media":"","overlay-type":"","overlay-color":"","overlay-opacity":"","overlay-gradient":""}},"ast-content-background-meta":{"desktop":{"background-color":"var(--ast-global-color-4)","background-image":"","background-repeat":"repeat","background-position":"center center","background-size":"auto","background-attachment":"scroll","background-type":"","background-media":"","overlay-type":"","overlay-color":"","overlay-opacity":"","overlay-gradient":""},"tablet":{"background-color":"var(--ast-global-color-4)","background-image":"","background-repeat":"repeat","background-position":"center center","background-size":"auto","background-attachment":"scroll","background-type":"","background-media":"","overlay-type":"","overlay-color":"","overlay-opacity":"","overlay-gradient":""},"mobile":{"background-color":"var(--ast-global-color-4)","background-image":"","background-repeat":"repeat","background-position":"center center","background-size":"auto","background-attachment":"scroll","background-type":"","background-media":"","overlay-type":"","overlay-color":"","overlay-opacity":"","overlay-gradient":""}},"footnotes":""},"class_list":["post-47","page","type-page","status-publish","hentry"],"uagb_featured_image_src":{"full":false,"thumbnail":false,"medium":false,"medium_large":false,"large":false,"1536x1536":false,"2048x2048":false},"uagb_author_info":{"display_name":"Wolfgang Martin","author_link":"https:\/\/sv-nieder-erlenbach.de\/?author=4"},"uagb_comment_info":0,"uagb_excerpt":"Mitglied werden Sind Sie bereits Sportsch\u00fctze? Auch wenn Sie den Schie\u00dfsport erlernen m\u00f6chten, sind Sie bei uns herzlich willkommen. Sie [&hellip;]","_links":{"self":[{"href":"https:\/\/sv-nieder-erlenbach.de\/index.php?rest_route=\/wp\/v2\/pages\/47","targetHints":{"allow":["GET"]}}],"collection":[{"href":"https:\/\/sv-nieder-erlenbach.de\/index.php?rest_route=\/wp\/v2\/pages"}],"about":[{"href":"https:\/\/sv-nieder-erlenbach.de\/index.php?rest_route=\/wp\/v2\/types\/page"}],"author":[{"embeddable":true,"href":"https:\/\/sv-nieder-erlenbach.de\/index.php?rest_route=\/wp\/v2\/users\/4"}],"replies":[{"embeddable":true,"href":"https:\/\/sv-nieder-erlenbach.de\/index.php?rest_route=%2Fwp%2Fv2%2Fcomments&post=47"}],"version-history":[{"count":4,"href":"https:\/\/sv-nieder-erlenbach.de\/index.php?rest_route=\/wp\/v2\/pages\/47\/revisions"}],"predecessor-version":[{"id":1354,"href":"https:\/\/sv-nieder-erlenbach.de\/index.php?rest_route=\/wp\/v2\/pages\/47\/revisions\/1354"}],"wp:attachment":[{"href":"https:\/\/sv-nieder-erlenbach.de\/index.php?rest_route=%2Fwp%2Fv2%2Fmedia&parent=47"}],"curies":[{"name":"wp","href":"https:\/\/api.w.org\/{rel}","templated":true}]}}